{"id":205831,"date":"2018-10-08T11:44:20","date_gmt":"2018-10-08T11:44:20","guid":{"rendered":"http:\/\/camarahogarfactory.com\/tienda\/?page_id=205831"},"modified":"2019-06-01T19:43:20","modified_gmt":"2019-06-01T19:43:20","slug":"inicio","status":"publish","type":"page","link":"https:\/\/camarahogarfactory.com\/tienda\/","title":{"rendered":"Inicio"},"content":{"rendered":"<p>[et_pb_section fb_built=\u00bb1&#8243; fullwidth=\u00bbon\u00bb _builder_version=\u00bb3.15&#8243;][et_pb_fullwidth_slider _builder_version=\u00bb3.19.18&#8243; custom_button=\u00bbon\u00bb button_text_color=\u00bb#ffffff\u00bb button_bg_color=\u00bbrgba(89,214,0,0.48)\u00bb button_border_color=\u00bbrgba(89,214,0,0.5)\u00bb button_font=\u00bb||||||||\u00bb auto=\u00bbon\u00bb button_text_size__hover_enabled=\u00bboff\u00bb button_one_text_size__hover_enabled=\u00bboff\u00bb button_two_text_size__hover_enabled=\u00bboff\u00bb button_text_color__hover_enabled=\u00bboff\u00bb button_one_text_color__hover_enabled=\u00bboff\u00bb button_two_text_color__hover_enabled=\u00bboff\u00bb button_border_width__hover_enabled=\u00bboff\u00bb button_one_border_width__hover_enabled=\u00bboff\u00bb button_two_border_width__hover_enabled=\u00bboff\u00bb button_border_color__hover_enabled=\u00bboff\u00bb button_one_border_color__hover_enabled=\u00bboff\u00bb button_two_border_color__hover_enabled=\u00bboff\u00bb button_border_radius__hover_enabled=\u00bboff\u00bb button_one_border_radius__hover_enabled=\u00bboff\u00bb button_two_border_radius__hover_enabled=\u00bboff\u00bb button_letter_spacing__hover_enabled=\u00bboff\u00bb button_one_letter_spacing__hover_enabled=\u00bboff\u00bb button_two_letter_spacing__hover_enabled=\u00bboff\u00bb button_bg_color__hover_enabled=\u00bboff\u00bb button_one_bg_color__hover_enabled=\u00bboff\u00bb button_two_bg_color__hover_enabled=\u00bboff\u00bb][et_pb_slide heading=\u00bbCamara Hogar Factory\u00bb button_text=\u00bbVer productos\u00bb use_text_overlay=\u00bbon\u00bb text_overlay_color=\u00bbrgba(12,12,12,0.63)\u00bb _builder_version=\u00bb3.16&#8243; background_image=\u00bbhttp:\/\/camarahogarfactory.com\/tienda\/wp-content\/uploads\/2018\/10\/sofa_vaquero_frente_derecha_1920.jpg\u00bb button_text_size__hover_enabled=\u00bboff\u00bb button_one_text_size__hover_enabled=\u00bboff\u00bb button_two_text_size__hover_enabled=\u00bboff\u00bb button_text_color__hover_enabled=\u00bboff\u00bb button_one_text_color__hover_enabled=\u00bboff\u00bb button_two_text_color__hover_enabled=\u00bboff\u00bb button_border_width__hover_enabled=\u00bboff\u00bb button_one_border_width__hover_enabled=\u00bboff\u00bb button_two_border_width__hover_enabled=\u00bboff\u00bb button_border_color__hover_enabled=\u00bboff\u00bb button_one_border_color__hover_enabled=\u00bboff\u00bb button_two_border_color__hover_enabled=\u00bboff\u00bb button_border_radius__hover_enabled=\u00bboff\u00bb button_one_border_radius__hover_enabled=\u00bboff\u00bb button_two_border_radius__hover_enabled=\u00bboff\u00bb button_letter_spacing__hover_enabled=\u00bboff\u00bb button_one_letter_spacing__hover_enabled=\u00bboff\u00bb button_two_letter_spacing__hover_enabled=\u00bboff\u00bb button_bg_color__hover_enabled=\u00bboff\u00bb button_one_bg_color__hover_enabled=\u00bboff\u00bb button_two_bg_color__hover_enabled=\u00bboff\u00bb]LLevando la comodidad y dise\u00f1o a su hogar desde 1982.<br \/>\n[\/et_pb_slide][et_pb_slide heading=\u00bb\u00a1Te sorprender\u00e1n nuestros precios!\u00bb button_text=\u00bbVer productos\u00bb use_bg_overlay=\u00bbon\u00bb use_text_overlay=\u00bbon\u00bb _builder_version=\u00bb3.16&#8243; header_font=\u00bb|600|||||||\u00bb body_font=\u00bb||||||||\u00bb background_image=\u00bbhttp:\/\/camarahogarfactory.com\/tienda\/wp-content\/uploads\/2018\/05\/secret-2681508_1920.jpg\u00bb button_text_size__hover_enabled=\u00bboff\u00bb button_one_text_size__hover_enabled=\u00bboff\u00bb button_two_text_size__hover_enabled=\u00bboff\u00bb button_text_color__hover_enabled=\u00bboff\u00bb button_one_text_color__hover_enabled=\u00bboff\u00bb button_two_text_color__hover_enabled=\u00bboff\u00bb button_border_width__hover_enabled=\u00bboff\u00bb button_one_border_width__hover_enabled=\u00bboff\u00bb button_two_border_width__hover_enabled=\u00bboff\u00bb button_border_color__hover_enabled=\u00bboff\u00bb button_one_border_color__hover_enabled=\u00bboff\u00bb button_two_border_color__hover_enabled=\u00bboff\u00bb button_border_radius__hover_enabled=\u00bboff\u00bb button_one_border_radius__hover_enabled=\u00bboff\u00bb button_two_border_radius__hover_enabled=\u00bboff\u00bb button_letter_spacing__hover_enabled=\u00bboff\u00bb button_one_letter_spacing__hover_enabled=\u00bboff\u00bb button_two_letter_spacing__hover_enabled=\u00bboff\u00bb button_bg_color__hover_enabled=\u00bboff\u00bb button_one_bg_color__hover_enabled=\u00bboff\u00bb button_two_bg_color__hover_enabled=\u00bboff\u00bb]Precios desde f\u00e1brica hasta su hogar.<br \/>\n[\/et_pb_slide][et_pb_slide heading=\u00bbMomentos de relax&#8230;\u00bb button_text=\u00bbVer productos\u00bb use_bg_overlay=\u00bboff\u00bb use_text_overlay=\u00bbon\u00bb text_overlay_color=\u00bbrgba(0,0,0,0.55)\u00bb _builder_version=\u00bb3.16&#8243; background_image=\u00bbhttp:\/\/camarahogarfactory.com\/tienda\/wp-content\/uploads\/2018\/05\/couch-2590993_1920.jpg\u00bb background_position=\u00bbtop_left\u00bb button_text_size__hover_enabled=\u00bboff\u00bb button_one_text_size__hover_enabled=\u00bboff\u00bb button_two_text_size__hover_enabled=\u00bboff\u00bb button_text_color__hover_enabled=\u00bboff\u00bb button_one_text_color__hover_enabled=\u00bboff\u00bb button_two_text_color__hover_enabled=\u00bboff\u00bb button_border_width__hover_enabled=\u00bboff\u00bb button_one_border_width__hover_enabled=\u00bboff\u00bb button_two_border_width__hover_enabled=\u00bboff\u00bb button_border_color__hover_enabled=\u00bboff\u00bb button_one_border_color__hover_enabled=\u00bboff\u00bb button_two_border_color__hover_enabled=\u00bboff\u00bb button_border_radius__hover_enabled=\u00bboff\u00bb button_one_border_radius__hover_enabled=\u00bboff\u00bb button_two_border_radius__hover_enabled=\u00bboff\u00bb button_letter_spacing__hover_enabled=\u00bboff\u00bb button_one_letter_spacing__hover_enabled=\u00bboff\u00bb button_two_letter_spacing__hover_enabled=\u00bboff\u00bb button_bg_color__hover_enabled=\u00bboff\u00bb button_one_bg_color__hover_enabled=\u00bboff\u00bb button_two_bg_color__hover_enabled=\u00bboff\u00bb]Disfruta de la mejor compa\u00f1\u00eda, rel\u00e1jate con Camara Hogar Factory<br \/>\n[\/et_pb_slide][\/et_pb_fullwidth_slider][\/et_pb_section][et_pb_section fb_built=\u00bb1&#8243; admin_label=\u00bbCTA Section\u00bb _builder_version=\u00bb3.19.18&#8243; custom_padding=\u00bb100px||188px||false|false\u00bb top_divider_height=\u00bb137px\u00bb bottom_divider_style=\u00bbclouds2&#8243; bottom_divider_color=\u00bb#000000&#8243; bottom_divider_height=\u00bb139px\u00bb][et_pb_row use_custom_gutter=\u00bbon\u00bb custom_padding=\u00bb|||\u00bb custom_margin=\u00bb|||\u00bb admin_label=\u00bbCTA Row\u00bb _builder_version=\u00bb3.0.93&#8243;][et_pb_column type=\u00bb4_4&#8243; _builder_version=\u00bb3.0.47&#8243;][et_pb_text admin_label=\u00bbTitle &#038; Paragraph\u00bb _builder_version=\u00bb3.15&#8243; text_font=\u00bbMuli|600|||||||\u00bb text_font_size=\u00bb18px\u00bb text_line_height=\u00bb1.8em\u00bb header_font=\u00bb||||||||\u00bb header_2_font=\u00bbMuli|700|||||||\u00bb header_2_font_size=\u00bb39px\u00bb header_2_font_size_phone=\u00bb40px\u00bb header_2_font_size_last_edited=\u00bbon|desktop\u00bb header_2_line_height=\u00bb1.4em\u00bb text_orientation=\u00bbcenter\u00bb max_width=\u00bb640px\u00bb max_width_last_edited=\u00bboff|desktop\u00bb module_alignment=\u00bbcenter\u00bb custom_margin=\u00bb|||\u00bb custom_margin_tablet=\u00bb0px|||0px\u00bb custom_margin_last_edited=\u00bboff|desktop\u00bb custom_padding=\u00bb|||\u00bb custom_padding_last_edited=\u00bboff|desktop\u00bb locked=\u00bboff\u00bb]<\/p>\n<h2 class=\"et_pb_module_header et-fb-editable-element et-fb-editable-element__editing\" contenteditable=\"true\" data-shortcode-id=\"1.0.0.0-1515376821367\">Nuestro objetivo, su satisfacci\u00f3n<\/h2>\n<p>[\/et_pb_text][\/et_pb_column][\/et_pb_row][et_pb_row admin_label=\u00bbProcess Row\u00bb _builder_version=\u00bb3.19.18&#8243; animation_style=\u00bbfade\u00bb][et_pb_column type=\u00bb1_3&#8243; _builder_version=\u00bb3.0.47&#8243;][et_pb_text _builder_version=\u00bb3.15&#8243; text_font=\u00bb||||||||\u00bb text_text_color=\u00bb#7cda24&#8243; text_font_size=\u00bb60px\u00bb text_line_height=\u00bb1em\u00bb text_orientation=\u00bbcenter\u00bb]<i class=\"fas fa-home\"><\/i>[\/et_pb_text][et_pb_blurb title=\u00bbVienes a nuestra tienda\u00bb admin_label=\u00bbProcess\u00bb _builder_version=\u00bb3.15&#8243; header_font=\u00bbMuli|700|||||||\u00bb header_text_align=\u00bbcenter\u00bb header_font_size=\u00bb20px\u00bb header_line_height=\u00bb1.4em\u00bb body_font=\u00bbMuli|600|||||||\u00bb body_text_align=\u00bbcenter\u00bb body_font_size=\u00bb16px\u00bb body_line_height=\u00bb1.8em\u00bb border_width_all_image=\u00bb4px\u00bb border_color_all_image=\u00bb#f4583f\u00bb]Ofrecemos una atenci\u00f3n personalizada y profesional, adem\u00e1s podr\u00e1 ver y probar los productos de nuestra exposici\u00f3n.<br \/>\n[\/et_pb_blurb][\/et_pb_column][et_pb_column type=\u00bb1_3&#8243; _builder_version=\u00bb3.0.47&#8243;][et_pb_text _builder_version=\u00bb3.15&#8243; text_font=\u00bb||||||||\u00bb text_text_color=\u00bb#7cda24&#8243; text_font_size=\u00bb60px\u00bb text_line_height=\u00bb1em\u00bb link_font=\u00bb||||||||\u00bb ul_font=\u00bb||||||||\u00bb text_orientation=\u00bbcenter\u00bb]<i class=\"fas fa-industry\"><\/i>[\/et_pb_text][et_pb_blurb title=\u00bbManos a la obra\u00bb admin_label=\u00bbProcess\u00bb _builder_version=\u00bb3.15&#8243; header_font=\u00bbMuli|700|||||||\u00bb header_text_align=\u00bbcenter\u00bb header_font_size=\u00bb20px\u00bb header_line_height=\u00bb1.4em\u00bb body_font=\u00bbMuli|600|||||||\u00bb body_text_align=\u00bbcenter\u00bb body_font_size=\u00bb16px\u00bb body_line_height=\u00bb1.8em\u00bb border_width_all_image=\u00bb4px\u00bb border_color_all_image=\u00bb#f4583f\u00bb]Con cari\u00f1o y dedicaci\u00f3n prepararemos su pedido en f\u00e1brica, atendiendo a sus indicaciones y personalizaciones.[\/et_pb_blurb][\/et_pb_column][et_pb_column type=\u00bb1_3&#8243; _builder_version=\u00bb3.0.47&#8243;][et_pb_text _builder_version=\u00bb3.15&#8243; text_font=\u00bb||||||||\u00bb text_text_color=\u00bb#7cda24&#8243; text_font_size=\u00bb60px\u00bb text_line_height=\u00bb1em\u00bb text_orientation=\u00bbcenter\u00bb]<i class=\"fas fa-truck\"><\/i>[\/et_pb_text][et_pb_blurb title=\u00bbSe lo llevamos a casa\u00bb image_max_width=\u00bb38px\u00bb admin_label=\u00bbProcess\u00bb _builder_version=\u00bb3.15&#8243; header_font=\u00bbMuli|700|||||||\u00bb header_text_align=\u00bbcenter\u00bb header_font_size=\u00bb20px\u00bb header_line_height=\u00bb1.4em\u00bb body_font=\u00bbMuli|600|||||||\u00bb body_text_align=\u00bbcenter\u00bb body_font_size=\u00bb16px\u00bb body_line_height=\u00bb1.8em\u00bb border_width_all_image=\u00bb4px\u00bb border_color_all_image=\u00bb#f4583f\u00bb]Concertaremos una cita. No tiene que preocuparse de nada m\u00e1s, el d\u00eda acordado nuestro equipo le llevar\u00e1 a casa su pedido.<br \/>\n[\/et_pb_blurb][\/et_pb_column][\/et_pb_row][\/et_pb_section][et_pb_section fb_built=\u00bb1&#8243; admin_label=\u00bbOur Works CTA Section\u00bb _builder_version=\u00bb3.19.18&#8243; background_color=\u00bb#000000&#8243; custom_padding=\u00bb0px|0px|0px|0px\u00bb top_divider_height=\u00bb130px\u00bb][et_pb_row use_custom_width=\u00bbon\u00bb width_unit=\u00bboff\u00bb custom_width_percent=\u00bb100%\u00bb custom_padding=\u00bb0|0px|0|0px|false|false\u00bb custom_margin=\u00bb|||\u00bb padding_top_2=\u00bb100px\u00bb padding_right_2=\u00bb60px\u00bb padding_bottom_2=\u00bb100px\u00bb padding_2_tablet=\u00bb|||60px\u00bb padding_2_last_edited=\u00bbon|desktop\u00bb admin_label=\u00bbCTA Row\u00bb _builder_version=\u00bb3.15&#8243;][et_pb_column type=\u00bb1_2&#8243; _builder_version=\u00bb3.0.47&#8243;][et_pb_image src=\u00bbhttp:\/\/camarahogarfactory.com\/tienda\/wp-content\/uploads\/2018\/11\/lampara.jpg\u00bb force_fullwidth=\u00bbon\u00bb _builder_version=\u00bb3.19.18&#8243; animation_style=\u00bbfade\u00bb animation_duration=\u00bb1800ms\u00bb animation_delay=\u00bb650ms\u00bb][\/et_pb_image][\/et_pb_column][et_pb_column type=\u00bb1_2&#8243; _builder_version=\u00bb3.0.47&#8243;][et_pb_cta title=\u00bbHora de dormir\u00bb button_url=\u00bb#top\u00bb button_text=\u00bbVer colchones\u00bb _builder_version=\u00bb3.19.18&#8243; header_font=\u00bbMuli|700|||||||\u00bb header_text_color=\u00bb#ffffff\u00bb header_font_size=\u00bb50px\u00bb header_font_size_phone=\u00bb40px\u00bb header_font_size_last_edited=\u00bbon|phone\u00bb header_line_height=\u00bb1.4em\u00bb body_font=\u00bbMuli|600|||||||\u00bb body_text_align=\u00bbleft\u00bb body_text_color=\u00bbrgba(255,255,255,0.55)\u00bb body_font_size=\u00bb18px\u00bb body_line_height=\u00bb1.8em\u00bb use_background_color=\u00bboff\u00bb custom_button=\u00bbon\u00bb button_text_size=\u00bb16px\u00bb button_text_color=\u00bb#ffffff\u00bb button_bg_color=\u00bbrgba(89,214,0,0.48)\u00bb button_border_width=\u00bb3px\u00bb button_border_color=\u00bbrgba(89,214,0,0.12)\u00bb button_border_radius=\u00bb3px\u00bb button_letter_spacing=\u00bb0px\u00bb button_font=\u00bb||||||||\u00bb button_icon=\u00bb%%20%%\u00bb max_width=\u00bb600px\u00bb max_width_last_edited=\u00bbon|desktop\u00bb module_alignment=\u00bbleft\u00bb custom_margin=\u00bb|||\u00bb custom_margin_tablet=\u00bb|||\u00bb custom_margin_phone=\u00bb|||\u00bb custom_margin_last_edited=\u00bboff|desktop\u00bb custom_padding=\u00bb|||\u00bb custom_padding_tablet=\u00bb|||\u00bb custom_padding_phone=\u00bb|||\u00bb custom_padding_last_edited=\u00bboff|desktop\u00bb animation_style=\u00bbfade\u00bb animation_duration=\u00bb1550ms\u00bb button_border_radius_hover=\u00bb0px\u00bb button_bg_color_hover=\u00bbrgba(89,214,0,0.48)\u00bb button_text_size__hover_enabled=\u00bboff\u00bb button_one_text_size__hover_enabled=\u00bboff\u00bb button_two_text_size__hover_enabled=\u00bboff\u00bb button_text_color__hover_enabled=\u00bboff\u00bb button_one_text_color__hover_enabled=\u00bboff\u00bb button_two_text_color__hover_enabled=\u00bboff\u00bb button_border_width__hover_enabled=\u00bboff\u00bb button_one_border_width__hover_enabled=\u00bboff\u00bb button_two_border_width__hover_enabled=\u00bboff\u00bb button_border_color__hover_enabled=\u00bboff\u00bb button_one_border_color__hover_enabled=\u00bboff\u00bb button_two_border_color__hover_enabled=\u00bboff\u00bb button_border_radius__hover_enabled=\u00bbon\u00bb button_border_radius__hover=\u00bb0px\u00bb button_one_border_radius__hover_enabled=\u00bboff\u00bb button_two_border_radius__hover_enabled=\u00bboff\u00bb button_letter_spacing__hover_enabled=\u00bboff\u00bb button_one_letter_spacing__hover_enabled=\u00bboff\u00bb button_two_letter_spacing__hover_enabled=\u00bboff\u00bb button_bg_color__hover_enabled=\u00bbon\u00bb button_bg_color__hover=\u00bbrgba(89,214,0,0.48)\u00bb button_one_bg_color__hover_enabled=\u00bboff\u00bb button_two_bg_color__hover_enabled=\u00bboff\u00bb]<\/p>\n<p>En C\u00e1mara Hogar Factory sabemos lo importante que es descansar, por eso ponemos a su disposici\u00f3n una amplia gama de colchones de la mejor calidad, que podr\u00e1 probar en nuestras instalaciones.<\/p>\n<p>[\/et_pb_cta][\/et_pb_column][\/et_pb_row][\/et_pb_section][et_pb_section fb_built=\u00bb1&#8243; admin_label=\u00bbHeader Section\u00bb _builder_version=\u00bb3.19.18&#8243; background_color=\u00bb#ededed\u00bb use_background_color_gradient=\u00bbon\u00bb background_color_gradient_start=\u00bb#ffffff\u00bb background_color_gradient_end=\u00bbrgba(255,255,255,0)\u00bb background_color_gradient_overlays_image=\u00bbon\u00bb background_position=\u00bbtop_center\u00bb custom_padding=\u00bb0px||63px||false|false\u00bb top_divider_style=\u00bbwave2&#8243; top_divider_color=\u00bb#000000&#8243; bottom_divider_style=\u00bbramp2&#8243; bottom_divider_height=\u00bb116px\u00bb locked=\u00bboff\u00bb][et_pb_row use_custom_width=\u00bbon\u00bb width_unit=\u00bboff\u00bb custom_width_percent=\u00bb100%\u00bb use_custom_gutter=\u00bbon\u00bb custom_padding=\u00bb122px|0px|0px|0px|false|false\u00bb custom_margin=\u00bb|||\u00bb make_equal=\u00bbon\u00bb bg_img_2=\u00bbhttp:\/\/camarahogarfactory.com\/tienda\/wp-content\/uploads\/2018\/10\/sofa_vaquero_800x800.png\u00bb background_size_2=\u00bbcover\u00bb background_position_2=\u00bbcenter\u00bb background_repeat_2=\u00bbno-repeat\u00bb padding_top_1=\u00bb18%\u00bb padding_bottom_1=\u00bb18%\u00bb padding_left_1=\u00bb10%\u00bb padding_1_tablet=\u00bb|10%||\u00bb padding_1_last_edited=\u00bbon|tablet\u00bb admin_label=\u00bbCTA Row\u00bb _builder_version=\u00bb3.19.18&#8243;][et_pb_column type=\u00bb1_2&#8243; _builder_version=\u00bb3.0.47&#8243;][et_pb_cta title=\u00bbInnovamos en nuestros dise\u00f1os\u00bb button_url=\u00bb#top\u00bb button_text=\u00bbVer productos\u00bb admin_label=\u00bbHeading, Subheading &#038; CTA Button\u00bb _builder_version=\u00bb3.19.18&#8243; header_level=\u00bbh1&#8243; header_font=\u00bbMuli|700|||||||\u00bb header_text_align=\u00bbleft\u00bb header_font_size=\u00bb54px\u00bb header_font_size_tablet=\u00bb25px\u00bb header_font_size_phone=\u00bb23px\u00bb header_font_size_last_edited=\u00bbon|phone\u00bb header_line_height=\u00bb1.4em\u00bb body_font=\u00bbMuli|600|||||||\u00bb body_text_align=\u00bbleft\u00bb body_font_size=\u00bb18px\u00bb body_line_height=\u00bb1.8em\u00bb use_background_color=\u00bboff\u00bb custom_button=\u00bbon\u00bb button_text_size=\u00bb17px\u00bb button_text_color=\u00bb#ffffff\u00bb button_bg_color=\u00bbrgba(89,214,0,0.48)\u00bb button_border_width=\u00bb7px\u00bb button_border_color=\u00bbrgba(89,214,0,0.03)\u00bb button_border_radius=\u00bb3px\u00bb button_font=\u00bb||||||||\u00bb background_layout=\u00bblight\u00bb max_width=\u00bb540px\u00bb module_alignment=\u00bbright\u00bb custom_margin=\u00bb|||\u00bb custom_margin_tablet=\u00bb3vw||3vw|\u00bb custom_margin_phone=\u00bb|||\u00bb custom_margin_last_edited=\u00bbon|desktop\u00bb animation_style=\u00bbbounce\u00bb button_border_radius_hover=\u00bb0px\u00bb locked=\u00bboff\u00bb button_text_size__hover_enabled=\u00bboff\u00bb button_one_text_size__hover_enabled=\u00bboff\u00bb button_two_text_size__hover_enabled=\u00bboff\u00bb button_text_color__hover_enabled=\u00bboff\u00bb button_one_text_color__hover_enabled=\u00bboff\u00bb button_two_text_color__hover_enabled=\u00bboff\u00bb button_border_width__hover_enabled=\u00bboff\u00bb button_one_border_width__hover_enabled=\u00bboff\u00bb button_two_border_width__hover_enabled=\u00bboff\u00bb button_border_color__hover_enabled=\u00bboff\u00bb button_one_border_color__hover_enabled=\u00bboff\u00bb button_two_border_color__hover_enabled=\u00bboff\u00bb button_border_radius__hover_enabled=\u00bbon\u00bb button_border_radius__hover=\u00bb0px\u00bb button_one_border_radius__hover_enabled=\u00bboff\u00bb button_two_border_radius__hover_enabled=\u00bboff\u00bb button_letter_spacing__hover_enabled=\u00bboff\u00bb button_one_letter_spacing__hover_enabled=\u00bboff\u00bb button_two_letter_spacing__hover_enabled=\u00bboff\u00bb button_bg_color__hover_enabled=\u00bboff\u00bb button_one_bg_color__hover_enabled=\u00bboff\u00bb button_two_bg_color__hover_enabled=\u00bboff\u00bb]<\/p>\n<p>Descubre nuestros dise\u00f1os m\u00e1s atrevidos y modernos, comb\u00ednalos con una amplia gama de telas anti-manchas.<\/p>\n<p>[\/et_pb_cta][\/et_pb_column][et_pb_column type=\u00bb1_2&#8243; _builder_version=\u00bb3.0.47&#8243;][et_pb_divider height=\u00bb300px\u00bb _builder_version=\u00bb3.15&#8243;][\/et_pb_divider][\/et_pb_column][\/et_pb_row][\/et_pb_section][et_pb_section fb_built=\u00bb1&#8243; _builder_version=\u00bb3.19.18&#8243; custom_padding=\u00bb0|0px|1px|0px|false|false\u00bb bottom_divider_style=\u00bbramp2&#8243; bottom_divider_color=\u00bb#000000&#8243; bottom_divider_height=\u00bb49px\u00bb][et_pb_row use_custom_width=\u00bbon\u00bb width_unit=\u00bboff\u00bb custom_width_percent=\u00bb100%\u00bb use_custom_gutter=\u00bbon\u00bb gutter_width=\u00bb2&#8243; custom_padding=\u00bb51px|0px|8px|0px|false|false\u00bb make_equal=\u00bbon\u00bb _builder_version=\u00bb3.15&#8243;][et_pb_column type=\u00bb1_2&#8243; _builder_version=\u00bb3.0.47&#8243;][et_pb_blurb title=\u00bbMade in Spain\u00bb _builder_version=\u00bb3.15&#8243; header_level=\u00bbh1&#8243; header_font=\u00bbMuli|700|||||||\u00bb header_text_align=\u00bbcenter\u00bb header_font_size=\u00bb39px\u00bb header_font_size_tablet=\u00bb34px\u00bb header_font_size_phone=\u00bb30px\u00bb header_font_size_last_edited=\u00bbon|desktop\u00bb header_line_height=\u00bb1.9em\u00bb body_font=\u00bb||||||||\u00bb]Tapizados Camara es una empresa familiar que fue creada en 1982. Nos dedicamos a la fabricaci\u00f3n de sof\u00e1s, sillones, cheslong y dem\u00e1s tapizados en nuestras instalaciones de Fuensanta de Martos.[\/et_pb_blurb][et_pb_image src=\u00bbhttp:\/\/camarahogarfactory.com\/tienda\/wp-content\/uploads\/2018\/10\/303537-P7SCPQ-561.png\u00bb align=\u00bbcenter\u00bb _builder_version=\u00bb3.19.18&#8243; max_width=\u00bb39%\u00bb animation_style=\u00bbzoom\u00bb][\/et_pb_image][\/et_pb_column][et_pb_column type=\u00bb1_2&#8243; _builder_version=\u00bb3.0.47&#8243;][et_pb_image src=\u00bbhttp:\/\/camarahogarfactory.com\/tienda\/wp-content\/uploads\/2018\/10\/mapa.jpg\u00bb url=\u00bbhttps:\/\/www.google.es\/maps\/place\/Camara+Hogar+Factory\/@37.7087933,-3.9709819,17.25z\/data=!4m5!3m4!1s0xd6dc5c8f3eb58a9:0x96330dd3ffcb4388!8m2!3d37.708666!4d-3.9702034&#8243; url_new_window=\u00bbon\u00bb force_fullwidth=\u00bbon\u00bb _builder_version=\u00bb3.15&#8243;][\/et_pb_image][\/et_pb_column][\/et_pb_row][\/et_pb_section][et_pb_section fb_built=\u00bb1&#8243; _builder_version=\u00bb3.19.18&#8243; background_color=\u00bb#050505&#8243;][et_pb_row _builder_version=\u00bb3.19.18&#8243;][et_pb_column type=\u00bb1_2&#8243; _builder_version=\u00bb3.19.18&#8243;][et_pb_image src=\u00bbhttp:\/\/camarahogarfactory.com\/tienda\/wp-content\/uploads\/2019\/04\/magnifying-glass-1083378_1280.png\u00bb _builder_version=\u00bb3.19.18&#8243; max_width=\u00bb45%\u00bb module_alignment=\u00bbcenter\u00bb][\/et_pb_image][\/et_pb_column][et_pb_column type=\u00bb1_2&#8243; _builder_version=\u00bb3.19.18&#8243;][et_pb_text admin_label=\u00bbTitle &#038; Paragraph\u00bb _builder_version=\u00bb3.19.18&#8243; text_font=\u00bbMuli|600|||||||\u00bb text_text_color=\u00bb#ffffff\u00bb text_font_size=\u00bb18px\u00bb text_line_height=\u00bb1.8em\u00bb header_font=\u00bb||||||||\u00bb header_text_align=\u00bbcenter\u00bb header_2_font=\u00bbMuli|700|||||||\u00bb header_2_text_align=\u00bbcenter\u00bb header_2_font_size=\u00bb39px\u00bb header_2_font_size_phone=\u00bb40px\u00bb header_2_font_size_last_edited=\u00bbon|desktop\u00bb header_2_line_height=\u00bb1.4em\u00bb background_layout=\u00bbdark\u00bb max_width=\u00bb640px\u00bb max_width_last_edited=\u00bboff|desktop\u00bb module_alignment=\u00bbcenter\u00bb custom_margin=\u00bb|||\u00bb custom_margin_tablet=\u00bb0px|||0px\u00bb custom_margin_last_edited=\u00bboff|desktop\u00bb custom_padding=\u00bb|||\u00bb custom_padding_last_edited=\u00bboff|desktop\u00bb locked=\u00bboff\u00bb]<\/p>\n<h2 class=\"et_pb_module_header et-fb-editable-element et-fb-editable-element__editing\" data-shortcode-id=\"1.0.0.0-1515376821367\" contenteditable=\"true\">\u00bfNo encuentra lo que busca?<\/h2>\n<p>[\/et_pb_text][et_pb_code _builder_version=\u00bb3.19.18&#8243;]<div class=\"aws-container\" data-id=\"1\" data-url=\"https:\/\/camarahogarfactory.com\/tienda\/wp-admin\/admin-ajax.php\" data-siteurl=\"https:\/\/camarahogarfactory.com\/tienda\" data-lang=\"\" data-show-loader=\"true\" data-show-more=\"false\" data-show-page=\"ajax_off\" data-show-clear=\"true\" data-buttons-order=\"6\" data-target-blank=\"false\" data-use-analytics=\"false\" data-min-chars=\"3\" data-filters=\"\" data-notfound=\"No se han encontrado resultados\" data-more=\"Ver todos los resultados\" data-sku=\"SKU\" data-item-added=\"Item added\" ><form class=\"aws-search-form\" action=\"https:\/\/camarahogarfactory.com\/tienda\/\" method=\"get\" role=\"search\" ><div class=\"aws-wrapper\"><div class=\"aws-suggest\"><div class=\"aws-suggest__keys\"><\/div><div class=\"aws-suggest__addon\"><\/div><\/div><input  type=\"text\" name=\"s\" value=\"\" class=\"aws-search-field\" placeholder=\"Buscar\" autocomplete=\"off\" \/><input type=\"hidden\" name=\"post_type\" value=\"product\"><input type=\"hidden\" name=\"type_aws\" value=\"true\"><input type=\"hidden\" name=\"id\" value=\"1\"><input type=\"hidden\" name=\"filter\" class=\"awsFilterHidden\" value=\"1\"><div class=\"aws-search-clear\"><span aria-label=\"Clear Search\">\u00d7<\/span><\/div><\/div><div class=\"aws-search-btn aws-form-btn\"><span class=\"aws-search-btn_icon\"><svg focusable=\"false\" xmlns=\"http:\/\/www.w3.org\/2000\/svg\" viewBox=\"0 0 24 24\"><path d=\"M15.5 14h-.79l-.28-.27C15.41 12.59 16 11.11 16 9.5 16 5.91 13.09 3 9.5 3S3 5.91 3 9.5 5.91 16 9.5 16c1.61 0 3.09-.59 4.23-1.57l.27.28v.79l5 4.99L20.49 19l-4.99-5zm-6 0C7.01 14 5 11.99 5 9.5S7.01 5 9.5 5 14 7.01 14 9.5 11.99 14 9.5 14z\"><\/path><\/svg><\/span><\/div><\/form><\/div>[\/et_pb_code][\/et_pb_column][\/et_pb_row][\/et_pb_section]<\/p>\n","protected":false},"excerpt":{"rendered":"<p>LLevando la comodidad y dise\u00f1o a su hogar desde 1982. Precios desde f\u00e1brica hasta su hogar. Disfruta de la mejor compa\u00f1\u00eda, rel\u00e1jate con Camara Hogar Factory Nuestro objetivo, su satisfacci\u00f3n Ofrecemos una atenci\u00f3n personalizada y profesional, adem\u00e1s podr\u00e1 ver y probar los productos de nuestra exposici\u00f3n. Con cari\u00f1o y dedicaci\u00f3n prepararemos su pedido en f\u00e1brica, [&hellip;]<\/p>\n","protected":false},"author":1,"featured_media":0,"parent":0,"menu_order":0,"comment_status":"closed","ping_status":"closed","template":"","meta":{"_et_pb_use_builder":"on","_et_pb_old_content":"","_et_gb_content_width":"","footnotes":""},"class_list":["post-205831","page","type-page","status-publish","hentry"],"_links":{"self":[{"href":"https:\/\/camarahogarfactory.com\/tienda\/wp-json\/wp\/v2\/pages\/205831","targetHints":{"allow":["GET"]}}],"collection":[{"href":"https:\/\/camarahogarfactory.com\/tienda\/wp-json\/wp\/v2\/pages"}],"about":[{"href":"https:\/\/camarahogarfactory.com\/tienda\/wp-json\/wp\/v2\/types\/page"}],"author":[{"embeddable":true,"href":"https:\/\/camarahogarfactory.com\/tienda\/wp-json\/wp\/v2\/users\/1"}],"replies":[{"embeddable":true,"href":"https:\/\/camarahogarfactory.com\/tienda\/wp-json\/wp\/v2\/comments?post=205831"}],"version-history":[{"count":32,"href":"https:\/\/camarahogarfactory.com\/tienda\/wp-json\/wp\/v2\/pages\/205831\/revisions"}],"predecessor-version":[{"id":206522,"href":"https:\/\/camarahogarfactory.com\/tienda\/wp-json\/wp\/v2\/pages\/205831\/revisions\/206522"}],"wp:attachment":[{"href":"https:\/\/camarahogarfactory.com\/tienda\/wp-json\/wp\/v2\/media?parent=205831"}],"curies":[{"name":"wp","href":"https:\/\/api.w.org\/{rel}","templated":true}]}}