{"id":205914,"date":"2018-11-02T18:35:47","date_gmt":"2018-11-02T18:35:47","guid":{"rendered":"http:\/\/camarahogarfactory.com\/tienda\/?page_id=205914"},"modified":"2018-11-02T18:51:39","modified_gmt":"2018-11-02T18:51:39","slug":"contacto","status":"publish","type":"page","link":"https:\/\/camarahogarfactory.com\/tienda\/contacto\/","title":{"rendered":"Contacto"},"content":{"rendered":"<p>[et_pb_section fb_built=\u00bb1&#8243; fullwidth=\u00bbon\u00bb _builder_version=\u00bb3.0.85&#8243; animation_style=\u00bbslide\u00bb animation_direction=\u00bbtop\u00bb animation_intensity_slide=\u00bb2%\u00bb animation_starting_opacity=\u00bb100%\u00bb locked=\u00bboff\u00bb][et_pb_fullwidth_header title=\u00bbContacto\u00bb content_max_width=\u00bb800px\u00bb _builder_version=\u00bb3.15&#8243; title_level=\u00bbh2&#8243; title_font=\u00bbLato||||||||\u00bb title_font_size=\u00bb60px\u00bb title_line_height=\u00bb1.2em\u00bb content_font=\u00bb||||||||\u00bb content_font_size=\u00bb20px\u00bb content_line_height=\u00bb1.8em\u00bb background_color=\u00bbrgba(255,255,255,0)\u00bb use_background_color_gradient=\u00bbon\u00bb background_color_gradient_start=\u00bbrgba(0,0,0,0.75)\u00bb background_color_gradient_end=\u00bbrgba(0,0,0,0)\u00bb background_color_gradient_direction=\u00bb90deg\u00bb background_color_gradient_overlays_image=\u00bbon\u00bb background_image=\u00bbhttp:\/\/camarahogarfactory.com\/tienda\/wp-content\/uploads\/2018\/11\/cabecera-contacto.jpg\u00bb custom_button_two=\u00bbon\u00bb button_two_text_size=\u00bb18px\u00bb button_two_text_color=\u00bb#353740&#8243; button_two_bg_color=\u00bb#ffffff\u00bb button_two_border_width=\u00bb8px\u00bb button_two_border_color=\u00bb#ffffff\u00bb button_two_border_radius=\u00bb0px\u00bb button_two_letter_spacing=\u00bb1px\u00bb button_two_font=\u00bbLato|700|||||||\u00bb button_two_use_icon=\u00bboff\u00bb button_two_letter_spacing_hover=\u00bb1px\u00bb custom_button_one=\u00bbon\u00bb button_one_text_size=\u00bb18px\u00bb button_one_bg_color=\u00bb#02d002&#8243; button_one_border_width=\u00bb8px\u00bb button_one_border_color=\u00bb#02d002&#8243; button_one_border_radius=\u00bb0px\u00bb button_one_letter_spacing=\u00bb1px\u00bb button_one_font=\u00bbLato|700|||||||\u00bb button_one_use_icon=\u00bboff\u00bb button_one_letter_spacing_hover=\u00bb1px\u00bb custom_margin=\u00bb|||\u00bb custom_padding=\u00bb8%||8%|\u00bb locked=\u00bboff\u00bb][\/et_pb_fullwidth_header][\/et_pb_section][et_pb_section fb_built=\u00bb1&#8243; admin_label=\u00bbMarket Information Section\u00bb _builder_version=\u00bb3.0.85&#8243; background_color=\u00bb#f7f7f7&#8243; custom_padding=\u00bb91px||90px|\u00bb locked=\u00bboff\u00bb][et_pb_row custom_padding=\u00bb40px|0px|40px|0px\u00bb admin_label=\u00bbMarket Information Title Area\u00bb _builder_version=\u00bb3.0.83&#8243;][et_pb_column type=\u00bb1_3&#8243; _builder_version=\u00bb3.0.47&#8243; parallax=\u00bboff\u00bb parallax_method=\u00bbon\u00bb][et_pb_text admin_label=\u00bbTitle\u00bb _builder_version=\u00bb3.15&#8243; text_font=\u00bb||||||||\u00bb header_font=\u00bb||||||||\u00bb header_2_font=\u00bbLato||||||||\u00bb header_2_font_size=\u00bb36px\u00bb header_2_line_height=\u00bb1.5em\u00bb custom_padding=\u00bb|||\u00bb animation_direction=\u00bbleft\u00bb]<\/p>\n<h2>Vis\u00edtanos<\/h2>\n<p>[\/et_pb_text][\/et_pb_column][et_pb_column type=\u00bb2_3&#8243; _builder_version=\u00bb3.0.47&#8243; parallax=\u00bboff\u00bb parallax_method=\u00bbon\u00bb][et_pb_text _builder_version=\u00bb3.15&#8243; text_font=\u00bb||||||||\u00bb text_font_size=\u00bb16px\u00bb text_line_height=\u00bb1.8em\u00bb header_font=\u00bb||||||||\u00bb animation_direction=\u00bbleft\u00bb]<\/p>\n<p>Contamos con locales de exposici\u00f3n en los qu\u00e9 podr\u00e1 ver nuestra amplia gama de productos, tanto en tapizados como en colchones, canap\u00e9s&#8230; Y TODO CON PRECIOS DE F\u00c1BRICA.<\/p>\n<p>Todos nuestros art\u00edculos est\u00e1n totalmente garantizados y disponemos de nuestro sello de calidad.<\/p>\n<p>Disponemos de medios propios para transporte a domicilio y retiramos sus articulos usados.<\/p>\n<p>[\/et_pb_text][\/et_pb_column][\/et_pb_row][et_pb_row custom_padding=\u00bb41px|0px|41px|0px\u00bb admin_label=\u00bbMarket Openning Schedule\u00bb _builder_version=\u00bb3.0.83&#8243;][et_pb_column type=\u00bb1_2&#8243; _builder_version=\u00bb3.0.47&#8243; parallax=\u00bboff\u00bb parallax_method=\u00bbon\u00bb][et_pb_text admin_label=\u00bbTitle\u00bb _builder_version=\u00bb3.15&#8243; text_font=\u00bb||||||||\u00bb header_font=\u00bb||||||||\u00bb header_2_font=\u00bb||||||||\u00bb header_3_font=\u00bbLato|700|||||||\u00bb header_3_font_size=\u00bb18px\u00bb header_3_line_height=\u00bb1.5em\u00bb header_4_font=\u00bbLato||||||||\u00bb header_4_font_size=\u00bb16px\u00bb header_4_line_height=\u00bb1.5em\u00bb custom_margin=\u00bb||15px|\u00bb animation_style=\u00bbflip\u00bb animation_intensity_flip=\u00bb20%\u00bb animation_starting_opacity=\u00bb100%\u00bb]<\/p>\n<h3>Martos<\/h3>\n<h4>C\/ Bail\u00e9n, 1 (Esquina frente a gasolinera BP)<\/h4>\n<h4>625 317 309 &#8211; 953 555 203<\/h4>\n<h4>info@camarahogarfactory.com<\/h4>\n<p>[\/et_pb_text][\/et_pb_column][et_pb_column type=\u00bb1_2&#8243; _builder_version=\u00bb3.0.47&#8243; parallax=\u00bboff\u00bb parallax_method=\u00bbon\u00bb][et_pb_text admin_label=\u00bbTitle\u00bb _builder_version=\u00bb3.15&#8243; text_font=\u00bb||||||||\u00bb header_font=\u00bb||||||||\u00bb header_2_font=\u00bb||||||||\u00bb header_3_font=\u00bbLato|700|||||||\u00bb header_3_font_size=\u00bb18px\u00bb header_3_line_height=\u00bb1.5em\u00bb header_4_font=\u00bbLato||||||||\u00bb header_4_font_size=\u00bb16px\u00bb header_4_line_height=\u00bb1.5em\u00bb custom_margin=\u00bb||15px|\u00bb animation_style=\u00bbflip\u00bb animation_intensity_flip=\u00bb20%\u00bb animation_starting_opacity=\u00bb100%\u00bb locked=\u00bboff\u00bb]<\/p>\n<h3>F\u00e1brica de Fuensanta<\/h3>\n<h4>Av. Andalucia s\/n<\/h4>\n<h4>953 563 066<\/h4>\n<p>[\/et_pb_text][\/et_pb_column][\/et_pb_row][\/et_pb_section][et_pb_section fb_built=\u00bb1&#8243; admin_label=\u00bbMap Section\u00bb _builder_version=\u00bb3.0.85&#8243; background_color=\u00bb#f7f7f7&#8243; use_background_color_gradient=\u00bbon\u00bb background_color_gradient_start=\u00bb#ffffff\u00bb background_color_gradient_end=\u00bb#f7f7f7&#8243; custom_padding=\u00bb|||\u00bb][et_pb_row use_custom_width=\u00bbon\u00bb custom_width_px=\u00bb1440px\u00bb custom_padding=\u00bb|||\u00bb _builder_version=\u00bb3.0.85&#8243;][et_pb_column type=\u00bb4_4&#8243; _builder_version=\u00bb3.0.47&#8243; parallax=\u00bboff\u00bb parallax_method=\u00bbon\u00bb][et_pb_image url_new_window=\u00bbon\u00bb box_shadow_style=\u00bbpreset1&#8243; src=\u00bbhttp:\/\/camarahogarfactory.com\/tienda\/wp-content\/uploads\/2018\/11\/mapa.jpg\u00bb _builder_version=\u00bb3.15&#8243; box_shadow_vertical=\u00bb45px\u00bb box_shadow_blur=\u00bb50px\u00bb box_shadow_spread=\u00bb-30px\u00bb url=\u00bbhttps:\/\/www.google.com\/maps\/place\/Camara+Hogar+Factory\/@37.708476,-3.9704087,17z\/data=!4m5!3m4!1s0xd6dc5c8f3eb58a9:0x96330dd3ffcb4388!8m2!3d37.708666!4d-3.9702034&#8243;][\/et_pb_image][\/et_pb_column][\/et_pb_row][\/et_pb_section][et_pb_section fb_built=\u00bb1&#8243; fullwidth=\u00bbon\u00bb admin_label=\u00bbCall to Action\u00bb _builder_version=\u00bb3.0.85&#8243; animation_style=\u00bbslide\u00bb animation_direction=\u00bbbottom\u00bb animation_intensity_slide=\u00bb6%\u00bb animation_starting_opacity=\u00bb100%\u00bb locked=\u00bboff\u00bb][et_pb_fullwidth_header title=\u00bb\u00a1Ven a visitarnos!\u00bb button_one_text=\u00bbLocalizar en mapa\u00bb button_one_url=\u00bbhttps:\/\/www.google.com\/maps\/place\/Camara+Hogar+Factory\/@37.708666,-3.9723921,17z\/data=!3m1!4b1!4m5!3m4!1s0xd6dc5c8f3eb58a9:0x96330dd3ffcb4388!8m2!3d37.708666!4d-3.9702034&#8243; content_max_width=\u00bb800px\u00bb _builder_version=\u00bb3.15&#8243; title_level=\u00bbh2&#8243; title_font=\u00bbLato||||||||\u00bb title_font_size=\u00bb60px\u00bb title_line_height=\u00bb1.2em\u00bb content_font=\u00bb||||||||\u00bb content_font_size=\u00bb20px\u00bb content_line_height=\u00bb1.8em\u00bb background_color=\u00bbrgba(255,255,255,0)\u00bb use_background_color_gradient=\u00bbon\u00bb background_color_gradient_start=\u00bbrgba(0,0,0,0.75)\u00bb background_color_gradient_end=\u00bbrgba(0,0,0,0)\u00bb background_color_gradient_direction=\u00bb90deg\u00bb background_color_gradient_overlays_image=\u00bbon\u00bb background_image=\u00bbhttp:\/\/camarahogarfactory.com\/tienda\/wp-content\/uploads\/2018\/11\/footer.jpg\u00bb custom_button_two=\u00bbon\u00bb button_two_text_size=\u00bb18px\u00bb button_two_text_color=\u00bb#353740&#8243; button_two_bg_color=\u00bb#ffffff\u00bb button_two_border_width=\u00bb8px\u00bb button_two_border_color=\u00bb#ffffff\u00bb button_two_border_radius=\u00bb0px\u00bb button_two_letter_spacing=\u00bb1px\u00bb button_two_font=\u00bbLato|700|||||||\u00bb button_two_use_icon=\u00bboff\u00bb button_two_letter_spacing_hover=\u00bb1px\u00bb custom_button_one=\u00bbon\u00bb button_one_text_size=\u00bb18px\u00bb button_one_bg_color=\u00bbrgba(124,218,36,0.52)\u00bb button_one_border_width=\u00bb8px\u00bb button_one_border_color=\u00bbrgba(124,218,36,0.06)\u00bb button_one_border_radius=\u00bb0px\u00bb button_one_letter_spacing=\u00bb1px\u00bb button_one_font=\u00bbLato|700|||||||\u00bb button_one_icon=\u00bb%%20%%\u00bb button_one_icon_color=\u00bb#ffffff\u00bb button_one_letter_spacing_hover=\u00bb1px\u00bb custom_margin=\u00bb|||\u00bb custom_padding=\u00bb8%||8%|\u00bb][\/et_pb_fullwidth_header][\/et_pb_section]<\/p>\n","protected":false},"excerpt":{"rendered":"<p>Vis\u00edtanos Contamos con locales de exposici\u00f3n en los qu\u00e9 podr\u00e1 ver nuestra amplia gama de productos, tanto en tapizados como en colchones, canap\u00e9s&#8230; Y TODO CON PRECIOS DE F\u00c1BRICA. Todos nuestros art\u00edculos est\u00e1n totalmente garantizados y disponemos de nuestro sello de calidad. Disponemos de medios propios para transporte a domicilio y retiramos sus articulos usados. [&hellip;]<\/p>\n","protected":false},"author":1,"featured_media":0,"parent":0,"menu_order":0,"comment_status":"closed","ping_status":"closed","template":"","meta":{"_et_pb_use_builder":"on","_et_pb_old_content":"","_et_gb_content_width":"","footnotes":""},"class_list":["post-205914","page","type-page","status-publish","hentry"],"_links":{"self":[{"href":"https:\/\/camarahogarfactory.com\/tienda\/wp-json\/wp\/v2\/pages\/205914","targetHints":{"allow":["GET"]}}],"collection":[{"href":"https:\/\/camarahogarfactory.com\/tienda\/wp-json\/wp\/v2\/pages"}],"about":[{"href":"https:\/\/camarahogarfactory.com\/tienda\/wp-json\/wp\/v2\/types\/page"}],"author":[{"embeddable":true,"href":"https:\/\/camarahogarfactory.com\/tienda\/wp-json\/wp\/v2\/users\/1"}],"replies":[{"embeddable":true,"href":"https:\/\/camarahogarfactory.com\/tienda\/wp-json\/wp\/v2\/comments?post=205914"}],"version-history":[{"count":4,"href":"https:\/\/camarahogarfactory.com\/tienda\/wp-json\/wp\/v2\/pages\/205914\/revisions"}],"predecessor-version":[{"id":205925,"href":"https:\/\/camarahogarfactory.com\/tienda\/wp-json\/wp\/v2\/pages\/205914\/revisions\/205925"}],"wp:attachment":[{"href":"https:\/\/camarahogarfactory.com\/tienda\/wp-json\/wp\/v2\/media?parent=205914"}],"curies":[{"name":"wp","href":"https:\/\/api.w.org\/{rel}","templated":true}]}}