{"id":206391,"date":"2019-03-26T10:17:22","date_gmt":"2019-03-26T10:17:22","guid":{"rendered":"http:\/\/camarahogarfactory.com\/tienda\/?post_type=product&#038;p=206391"},"modified":"2019-06-17T09:52:47","modified_gmt":"2019-06-17T09:52:47","slug":"argo","status":"publish","type":"product","link":"https:\/\/camarahogarfactory.com\/tienda\/producto\/argo\/","title":{"rendered":"Argo"},"content":{"rendered":"","protected":false},"excerpt":{"rendered":"<p>El canap\u00e9 Argo consta de tapa abatible con estructura met\u00e1lica y tablero de 8 mm tapizada en tejido 3D transpirable a juego con el canap\u00e9, un grueso de madera en su estructura de 22 mm, un fondo de tablero de 10 mm, arco met\u00e1lico sujetacolch\u00f3n y esquinas y tirador de haya maciza. Su altura total junto con la tapa es de 33 cm y su capacidad interior de 27 cm. Opcional con apertura lateral.<\/p>\n","protected":false},"featured_media":206383,"comment_status":"open","ping_status":"closed","template":"","meta":{"_et_pb_use_builder":"","_et_pb_old_content":"","_et_gb_content_width":""},"product_brand":[],"product_cat":[24,31],"product_tag":[],"class_list":{"0":"post-206391","1":"product","2":"type-product","3":"status-publish","4":"has-post-thumbnail","6":"product_cat-dormitorio","7":"product_cat-somier","9":"first","10":"instock","11":"shipping-taxable","12":"product-type-simple"},"_links":{"self":[{"href":"https:\/\/camarahogarfactory.com\/tienda\/wp-json\/wp\/v2\/product\/206391","targetHints":{"allow":["GET"]}}],"collection":[{"href":"https:\/\/camarahogarfactory.com\/tienda\/wp-json\/wp\/v2\/product"}],"about":[{"href":"https:\/\/camarahogarfactory.com\/tienda\/wp-json\/wp\/v2\/types\/product"}],"replies":[{"embeddable":true,"href":"https:\/\/camarahogarfactory.com\/tienda\/wp-json\/wp\/v2\/comments?post=206391"}],"wp:featuredmedia":[{"embeddable":true,"href":"https:\/\/camarahogarfactory.com\/tienda\/wp-json\/wp\/v2\/media\/206383"}],"wp:attachment":[{"href":"https:\/\/camarahogarfactory.com\/tienda\/wp-json\/wp\/v2\/media?parent=206391"}],"wp:term":[{"taxonomy":"product_brand","embeddable":true,"href":"https:\/\/camarahogarfactory.com\/tienda\/wp-json\/wp\/v2\/product_brand?post=206391"},{"taxonomy":"product_cat","embeddable":true,"href":"https:\/\/camarahogarfactory.com\/tienda\/wp-json\/wp\/v2\/product_cat?post=206391"},{"taxonomy":"product_tag","embeddable":true,"href":"https:\/\/camarahogarfactory.com\/tienda\/wp-json\/wp\/v2\/product_tag?post=206391"}],"curies":[{"name":"wp","href":"https:\/\/api.w.org\/{rel}","templated":true}]}}