{"id":206394,"date":"2019-03-26T10:21:46","date_gmt":"2019-03-26T10:21:46","guid":{"rendered":"http:\/\/camarahogarfactory.com\/tienda\/?post_type=product&#038;p=206394"},"modified":"2019-06-01T16:57:18","modified_gmt":"2019-06-01T16:57:18","slug":"somier-electrico-articulado","status":"publish","type":"product","link":"https:\/\/camarahogarfactory.com\/tienda\/producto\/somier-electrico-articulado\/","title":{"rendered":"Somier electrico articulado con carro elevador"},"content":{"rendered":"","protected":false},"excerpt":{"rendered":"<p>Este somier el\u00e9ctrico de 35 cm tiene 4 planos y 3 articulaciones, chasis de estructura met\u00e1lica con un bastidor interior 30x30x1 mm, exterior 60x60x1,5 mm y barras elevadoras 30x15x1,5 mm, cama de madera natural de haya vaporizada 840x53x0,8 mm, mando de control ergon\u00f3mico y extensible con funci\u00f3n de bloqueo, motor de fabricaci\u00f3n alemana de 24 V con nivel de protecci\u00f3n ITX4, carro elevador con dise\u00f1o del chasis con elevaci\u00f3n en modo tijera y ruedas antiest\u00e1ticas que soportan hasta 80 kg por rueda. Acabado en epoxi negro mate texturizado. Peso m\u00e1ximo recomendado 120 kg.<\/p>\n","protected":false},"featured_media":206386,"comment_status":"open","ping_status":"closed","template":"","meta":{"_et_pb_use_builder":"","_et_pb_old_content":"","_et_gb_content_width":""},"product_brand":[],"product_cat":[24,31],"product_tag":[],"class_list":{"0":"post-206394","1":"product","2":"type-product","3":"status-publish","4":"has-post-thumbnail","6":"product_cat-dormitorio","7":"product_cat-somier","9":"first","10":"instock","11":"shipping-taxable","12":"product-type-simple"},"_links":{"self":[{"href":"https:\/\/camarahogarfactory.com\/tienda\/wp-json\/wp\/v2\/product\/206394","targetHints":{"allow":["GET"]}}],"collection":[{"href":"https:\/\/camarahogarfactory.com\/tienda\/wp-json\/wp\/v2\/product"}],"about":[{"href":"https:\/\/camarahogarfactory.com\/tienda\/wp-json\/wp\/v2\/types\/product"}],"replies":[{"embeddable":true,"href":"https:\/\/camarahogarfactory.com\/tienda\/wp-json\/wp\/v2\/comments?post=206394"}],"wp:featuredmedia":[{"embeddable":true,"href":"https:\/\/camarahogarfactory.com\/tienda\/wp-json\/wp\/v2\/media\/206386"}],"wp:attachment":[{"href":"https:\/\/camarahogarfactory.com\/tienda\/wp-json\/wp\/v2\/media?parent=206394"}],"wp:term":[{"taxonomy":"product_brand","embeddable":true,"href":"https:\/\/camarahogarfactory.com\/tienda\/wp-json\/wp\/v2\/product_brand?post=206394"},{"taxonomy":"product_cat","embeddable":true,"href":"https:\/\/camarahogarfactory.com\/tienda\/wp-json\/wp\/v2\/product_cat?post=206394"},{"taxonomy":"product_tag","embeddable":true,"href":"https:\/\/camarahogarfactory.com\/tienda\/wp-json\/wp\/v2\/product_tag?post=206394"}],"curies":[{"name":"wp","href":"https:\/\/api.w.org\/{rel}","templated":true}]}}